ive of 68*a**3/3 - 29*a**2 - 3*a - 1. Is s(5) a composite number?
True
Let m(h) = 8*h**2 - 25*h + 9. Suppose -398 - 98 = -31*v. Is m(v) a composite number?
False
Suppose -226*z = -127*z - 15887322. Is z composite?
True
Suppose -18468 = -14*k + 15650. Is k prime?
True
Let h be (100/(-125))/(2/10) - -80300. Suppose -505*u - h = -513*u. Is u a composite number?
False
Let p(b) = -11*b**3 - 29*b**2 - 9*b + 6. Suppose -4*l + 21 = -5*m, -m - 5*l + 0 = 10. Is p(m) a composite number?
False
Is (-7933284)/(-14) - (-62)/(-434) a prime number?
False
Let b(g) = -142*g - 51. Let i(q) = q**2 + 22*q - 33. Let k be i(-24). Suppose -13*u = -k*u - 22. Is b(u) composite?
False
Let v = -827284 + 1574007. Is v prime?
True
Let k = -107 - -133. Is ((-2)/4)/(k/(-152516)) a prime number?
False
Suppose -4362 = 2*h - 0*h. Suppose -4*t - 4*l = 15332, -5*t - 28844 = l - 9659. Let v = h - t. Is v a composite number?
False
Let v be ((-36)/(-20))/(-3*(-2)/750). Is (v/(-40))/15 + (-194854)/(-16) prime?
False
Suppose 41 = -0*x + 2*x - l, -4*l + 36 = 2*x. Let h be (x/3)/(2/4788). Suppose y + h = 5*y + 4*w, 4*y = w + 15935. Is y composite?
True
Let g(m) = -m**3 - 21*m**2 - 2*m - 16. Let s be g(-19). Let r = 309 - s. Is r prime?
True
Suppose -h + 0*h = 41. Let w = -21 - h. Suppose w = -5*d, d + 4*d + 1587 = j. Is j a composite number?
False
Is 5012508/204 + (-18)/765*5 a composite number?
False
Suppose 6*d = 5*d + 10. Is (-8 - (-38615)/25) + 4/d composite?
True
Let m(c) be the first derivative of 28*c + 24 + 4*c**2 + 20*c + 37*c**2 - 23*c. Is m(3) a composite number?
False
Suppose -5*t = -2*x - 66077, -5*t + 4*x + 24871 = -41198. Is t a prime number?
True
Let z(i) = -i**2 - 14*i. Let d be z(-14). Suppose d = 10*h + 1968 - 7948. Suppose -2112 - h = -2*y. Is y composite?
True
Let l = 126 + -87. Let m = l - 31. Is (-1 - 0) + 977 - (m - 9) prime?
True
Let t(o) = -o**2 + 5*o + 8. Let u be t(6). Let m be 10/u - 9 - -6. Suppose -m*p + 156 = 3*x - 1123, 0 = 5*p - 5*x - 3210. Is p a composite number?
False
Let o = -38 + 28. Let v be (11/(-22))/(o/8 - -1). Is (v/3)/(20/56850) composite?
True
Let d be 275210/29 - (-6 + 0). Let q = d - 2693. Is q a prime number?
True
Suppose -3*h - 529 = -979. Is ((-23915)/(-4))/(h/120) composite?
False
Let m(p) = -p**3 - 22*p**2 + 46*p - 462. Is m(-41) a prime number?
False
Is (-3 - (-3 + 2039))*-11 composite?
True
Let i(c) = 2499*c**2 - 984*c - 10. Is i(-7) composite?
True
Suppose 0 = -7*y + 97034 + 128261. Suppose 0 = 29*d - 24*d - y. Is d a composite number?
True
Is ((-6)/(-4))/((-54)/(-1741788)) a prime number?
True
Let b = 50672 + -32343. Is b a prime number?
True
Suppose 3*h + 3*w + 30 = 0, -13 = 3*h + w + 25. Is ((-21)/h)/((-24)/(-340144)) a composite number?
True
Let c(p) = p + 3. Let j be c(0). Suppose 8*n - 17*n = -18. Is 853*(-4 + j + n) a composite number?
False
Suppose 746565 = -844*g + 859*g. Is g prime?
False
Let w = -314023 + 525230. Is w composite?
True
Let v(o) = 101096*o - 7133. Is v(5) a prime number?
False
Let r = 682350 + -476533. Is r a prime number?
True
Suppose -27592 = -95*a + 94*a. Suppose 8*x - 16*x = -a. Is x a composite number?
False
Suppose 126*d = 222691 + 248218 + 1447693. Is d prime?
True
Let u(r) = 230*r + 1517. Is u(79) a composite number?
False
Suppose -291539 = -2*t + 1109615. Is t composite?
False
Let w = -216 + 219. Let o(z) = 682*z**2 - 3*z - 2. Is o(w) composite?
True
Suppose 0 = -2628*t + 2583*t + 8837055. Is t a composite number?
False
Let g = 1473851 + -1006038. Is g a prime number?
True
Let t(q) = 91*q**2 + 20*q + 185. Is t(18) prime?
True
Let q = 1402 - -839. Suppose 5*c - 5524 = q. Is c a prime number?
True
Let q = -422 + 315. Let p = q - -328. Is p prime?
False
Let p be (8/(-20))/(3/30). Let c be 8/p + 0 + 2. Suppose 5*f - 385 - 1470 = c. Is f a composite number?
True
Let a be (-4)/((6/(-3))/(-2)) + 3. Let n be ((-14)/(-28))/((-21)/(-22) + a). Let w(m) = -m**3 + 3*m**2 - 7. Is w(n) composite?
True
Let b(k) = -8*k - 282. Let i be b(-35). Is (i - -3) + 1 + (-38935)/(-5) composite?
False
Let m = 11701 + 15415. Suppose 0 = -2*u + 2*t + m, 4*u + 2*t - 52864 - 1338 = 0. Is u a prime number?
True
Suppose -1928339 = -57*p - 9*p + 934015. Is p composite?
True
Let v(d) be the first derivative of d + 0*d - 246*d**2 + 19 - 22. Is v(-1) composite?
True
Let k be ((-18)/3)/((216/(-16))/9). Suppose -x = h - 10692, 10365 = -5*h - k*x + 63820. Is h prime?
True
Let s be 2*4/56 + (-68)/(-14). Suppose -s*r - 17 = -2. Is (-6)/(-4)*(-337)/r*6 composite?
True
Suppose 213*l - 211*l = 87546. Is l prime?
False
Let o(r) = 45*r**2 + 163*r + 1605. Is o(-71) composite?
False
Is (323/(-34))/(-19)*1364854 a composite number?
False
Suppose 2*f + 16 = 3*f. Let h(m) = -m**2 + m + 31. Let g be h(f). Let t = g - -315. Is t a composite number?
True
Let f(k) = -k**2 + 10*k - 10. Let j be f(13). Let o = -13 - j. Is 3682/12 + 6/o composite?
False
Let f(v) = 9*v**2 + 16*v - 1. Let w be 3/(3/4) + (-4 - 0). Suppose 3*k - 37 - 5 = w. Is f(k) prime?
True
Let c be 25/4 + (-51)/(-68). Let z(u) = 1260*u - 41. Is z(c) a composite number?
False
Let t(v) = 41*v - 6*v - 36*v + 5 + 21*v**3. Is t(4) a composite number?
True
Is (1*(-4)/(-18) + 16138562/342)*1 prime?
True
Let n(x) be the second derivative of -684*x**3 - 11*x**2/2 + 2*x - 2. Is n(-2) composite?
True
Let f = 2 - 2. Suppose 4*z - z - 60 = f. Is (1345/z)/(1/12) composite?
True
Let l = 3358 + -2372. Suppose -13710 - l = 4*h. Let n = 5151 + h. Is n a prime number?
False
Suppose -4*t - 11 = 8*w - 5*w, 3*w - 34 = 5*t. Let m(c) = -2*c**3 - 4*c**3 - 16*c + w*c**3 + 37 + 13*c**2. Is m(-11) a composite number?
False
Let n(d) = -1 + d**2 + 4*d**3 - 2*d + 31*d**3 + 8*d. Let m = -755 + 758. Is n(m) prime?
True
Is (42/10 - 0 - 5)*9780280/(-16) a prime number?
False
Is (-116662)/(-6) + 4728/(-1773) composite?
False
Let v(w) = 672367*w + 1024. Is v(1) composite?
False
Let m(g) = 4*g**3 - 11*g**2 - 84*g - 46. Is m(25) a prime number?
True
Let w(u) = 2*u + 3. Let g be w(11). Let b = g + -69. Let p = 3 - b. Is p prime?
True
Let g = 7377 - -4321. Is g a composite number?
True
Suppose 377979 = 3*t + 11*g - 7*g, -2*g + 377991 = 3*t. Is t a prime number?
True
Suppose -11*h + 171603 = -5453. Suppose h = 5*x + 2*f, -3*x + 3262 = 3*f - 6392. Let u = 4697 - x. Is u a prime number?
False
Let m be -3 + (-48)/(-14) - (-96)/21. Suppose c - m*z - 5517 = -9*z, -10998 = -2*c + z. Is c a prime number?
True
Let x(f) = -5*f**2 + 67*f - 27. Let b be x(13). Is (0 + 0 + 20287)*(b + 2) composite?
False
Is (-180)/50 + 4 + -1 + 2769890/25 a composite number?
True
Let k(f) = -16*f - 114. Let h be k(-9). Let b(c) = 87*c - 89. Is b(h) a composite number?
False
Suppose -2*h + 10 = q, 5*h - 5*q - 20 = h. Suppose h*z = -11*z + 14320. Is z a composite number?
True
Suppose 4*o + 4 = 0, -11*v = -15*v + 3*o + 1356271. Is v composite?
False
Let j(b) be the second derivative of -173*b**3/6 + 17*b**2/2 + 2*b + 24. Is j(-8) a prime number?
False
Is ((-24)/16 - -1)*(-533622)/9*3 prime?
True
Suppose -2*d + 1 = -d. Suppose -26*m + 25*m + d = 0. Is (1169/m + -6)*1/1 a composite number?
False
Suppose -2*z + 838500 = -15*i + 14*i, 0 = -2*z - i + 838496. Is z a prime number?
True
Let f = 359405 - 138358. Is f a prime number?
True
Let z(v) = 360133*v**2 + 202*v - 403. Is z(2) a prime number?
True
Let s(o) = -o**2 - 14*o + 32. Let y be s(-17). Let p(j) = -2*j - 33. Let z be p(y). Suppose -989 - 36 = -z*q. Is q prime?
False
Suppose 0*m + 4*d = 3*m + 8, -3*m - 11 = -d. Let l(g) be the second derivative of -11*g**3/3 - 5*g**2/2 - g. Is l(m) prime?
True
Let r(y) = 2426*y**2 - 34*y + 199. Is r(5) a composite number?
False
Let q be 7*(-19247)/532 - 2/(-8). Let j be 1 + (0 - 167)*1. Let m = j - q. Is m composite?
True
Let a = -399 - -405. Let f(v) = 15*v**3 - 2*v**2 - 8*v - 22. Is f(a) prime?
False
Let b(m) = 16581*m + 652. Is b(7) composite?
False
Let f be (-20)/(-6)*(9/(-15) - -3). Suppose 5*a + f*a - 21931 = 0. Is a composite?
True
Let i(o) = -o**3 + 7*o**2 - 12*o + 2. Let m be i(2). Is (-1572)/18*39/m a prime number?
False
Let n = 4266 + -1640. Let f = 131 + n. Is f composite?
True
Let s = 1337 - 90. Is s composite?
True
Let i(h) = -15991*h**3 - 6*h**2 - 38*h + 2. Is i(-5) prime?
True
Suppose 5*c + 5095 = -b, 5*c + 4046 = -4*b - 16274. Suppose 0 = -3*k + 14*a - 957